ime factors of 100324364.
2, 7, 511859
What are the prime factors of 183576411?
3, 20397379
List the prime factors of 1459984053.
3, 11, 5107, 8663
What are the prime factors of 2151171673?
7, 83, 3702533
List the prime factors of 85821322.
2, 42910661
List the prime factors of 71833765.
5, 379, 37907
What are the prime factors of 2849675050?
2, 5, 5351, 10651
List the prime factors of 107875126.
2, 53937563
List the prime factors of 336759012.
2, 3, 3118139
List the prime factors of 33109445.
5, 29, 228341
List the prime factors of 387261295.
5, 77452259
List the prime factors of 233538773.
13, 79, 227399
List the prime factors of 3710528093.
43, 86291351
What are the prime factors of 4880591012?
2, 11, 110922523
What are the prime factors of 5298089522?
2, 11, 461, 522391
List the prime factors of 100649796.
2, 3, 13, 769, 839
What are the prime factors of 48937735?
5, 7, 11, 79, 1609
What are the prime factors of 2609691491?
11, 137, 557, 3109
What are the prime factors of 57524742?
2, 3, 11, 19, 1699
List the prime factors of 45056174.
2, 43, 47, 71, 157
List the prime factors of 356290204.
2, 19, 271, 17299
List the prime factors of 4251104052.
2, 3, 13, 27250667
List the prime factors of 672183091.
89, 7552619
What are the prime factors of 747238204?
2, 186809551
What are the prime factors of 85346732?
2, 17, 347, 3617
List the prime factors of 525519671.
11213, 46867
List the prime factors of 93582040.
2, 5, 2339551
List the prime factors of 1067596217.
43, 24827819
What are the prime factors of 141518016?
2, 3, 27299
List the prime factors of 35674367.
571, 62477
List the prime factors of 82632312.
2, 3, 7, 18217
List the prime factors of 113114121.
3, 41, 311, 2957
List the prime factors of 169943466.
2, 3, 7, 11, 7507
List the prime factors of 426240972.
2, 3, 113, 104779
What are the prime factors of 1724599?
17, 229, 443
What are the prime factors of 142504696?
2, 199, 89513
What are the prime factors of 1970469530?
2, 5, 197046953
What are the prime factors of 256534936?
2, 7, 4580981
List the prime factors of 1102598676.
2, 3, 29, 352043
What are the prime factors of 5363077987?
22877, 234431
List the prime factors of 612349194.
2, 3, 23, 4437313
List the prime factors of 11352344.
2, 43, 61, 541
List the prime factors of 3818497482.
2, 3, 212138749
What are the prime factors of 166919227?
353, 472859
What are the prime factors of 99719176?
2, 12464897
List the prime factors of 616163358.
2, 3, 102693893
List the prime factors of 351276719.
277, 1268147
What are the prime factors of 283150035?
3, 5, 7, 898889
What are the prime factors of 11527343?
17, 39887
What are the prime factors of 1462905135?
3, 5, 67, 485209
What are the prime factors of 1420113916?
2, 13, 61, 447703
What are the prime factors of 662628451?
431, 1537421
What are the prime factors of 198497585?
5, 11, 13, 73, 3803
What are the prime factors of 34774700?
2, 5, 347747
List the prime factors of 30384487.
7, 4340641
What are the prime factors of 2232472555?
5, 17, 26264383
List the prime factors of 160676473.
9551, 16823
List the prime factors of 551093932.
2, 137773483
List the prime factors of 35084348.
2, 13, 674699
List the prime factors of 1636716447.
3, 181857383
What are the prime factors of 266237406?
2, 3, 14790967
What are the prime factors of 51347993?
51347993
What are the prime factors of 433257033?
3, 11, 53, 247717
List the prime factors of 421512625.
5, 19, 9341
What are the prime factors of 5118839643?
3, 71, 73, 329207
What are the prime factors of 156157173?
3, 1163, 4973
What are the prime factors of 96357527?
7, 13765361
List the prime factors of 2038569938.
2, 41, 24860609
What are the prime factors of 78735054?
2, 3, 103, 127403
List the prime factors of 58970281.
19, 103, 30133
What are the prime factors of 187864790?
2, 5, 17, 103, 10729
What are the prime factors of 6110254?
2, 37, 82571
List the prime factors of 1680045441.
3, 3299, 169753
List the prime factors of 341158974.
2, 3, 13, 4373833
List the prime factors of 194882656.
2, 383, 15901
What are the prime factors of 1202556913?
1202556913
List the prime factors of 5868471012.
2, 3, 1789, 273359
What are the prime factors of 425424855?
3, 5, 263, 107839
What are the prime factors of 272204247?
3, 7, 1423, 9109
List the prime factors of 157248923.
13, 930467
What are the prime factors of 34735338?
2, 3, 11, 58477
List the prime factors of 29371953.
3, 13, 753127
What are the prime factors of 102946503?
3, 11, 19, 113, 1453
List the prime factors of 3346602.
2, 3, 7, 11383
What are the prime factors of 1613526862?
2, 3673, 219647
List the prime factors of 2851801451.
21977, 129763
What are the prime factors of 17084549?
17084549
What are the prime factors of 1956987422?
2, 13, 19, 3961513
What are the prime factors of 98521261?
98521261
What are the prime factors of 399973046?
2, 11, 29, 626917
List the prime factors of 274245563.
19, 167, 4549
List the prime factors of 84124316.
2, 21031079
What are the prime factors of 21597073?
373, 57901
What are the prime factors of 91344558?
2, 3, 15224093
List the prime factors of 54372156.
2, 3, 307, 14759
What are the prime factors of 388531282?
2, 313, 620657
List the prime factors of 30810027.
3, 10270009
List the prime factors of 293205318.
2, 3, 7, 20353
List the prime factors of 56315938.
2, 7, 4022567
List the prime factors of 2680390846.
2, 7, 27350927
What are the prime factors of 2125571546?
2, 7, 151826539
List the prime factors of 420035333.
29, 823, 17599
List the prime factors of 563154727.
563154727
List the prime factors of 620973688.
2, 17, 23, 67, 2963
What are the prime factors of 3612608157?
3, 31, 421, 92269
List the prime factors of 863262791.
16363, 52757
What are the prime factors of 566147967?
3, 7, 11, 23, 41, 113
List the prime factors of 32602981.
83, 392807
What are the prime factors of 253842627?
3, 107, 151, 5237
List the prime factors of 7330110709.
271, 937, 28867
What are the prime factors of 444235190?
2, 5, 7, 59, 107563
List the prime factors of 642428349.
3, 5077, 42179
List the prime factors of 13209554.
2, 983, 6719
List the prime factors of 17149871.
17149871
List the prime factors of 69817566.
2, 3, 7, 13, 71, 1801
List the prime factors of 220482932.
2, 55120733
List the prime factors of 15917030.
2, 5, 37, 43019
What are the prime factors of 133015399?
11, 1847, 6547
List the prime factors of 1183058456.
2, 31, 4770397
What are the prime factors of 12793381?
163, 78487
What are the prime factors of 227822860?
2, 5, 823, 13841
List the prime factors of 3133314682.
2, 419, 3739039
What are the prime factors of 79803539?
8293, 9623
What are the prime factors of 108586653?
3, 7, 19, 43, 6329
What are the prime factors of 97057413?
3, 3594719
What are the prime factors of 1767147987?
3, 11, 53549939
What are the prime factors of 127274163?
3, 3541, 11981
List the prime factors of 76486862.
2, 29, 1318739
List the prime factors of 3890779494.
2, 3, 7, 17, 659, 8269
List the prime factors of 54543727.
7, 7791961
What are the prime factors of 36115681?
7, 23, 101, 2221
What are the prime factors of 258359850?
2, 3, 5, 7, 11717
What are the prime factors of 803792930?
2, 5, 80379293
List the prime factors of 119678250.
2, 3, 5, 159571
What are the prime factors of 375239664?
2, 3, 19, 23, 67, 89
What are the prime factors of 4516746195?
3, 5, 13, 353, 65617
List the prime factors of 21564947.
3307, 6521
What are the prime factors of 249318468?
2, 3, 7, 61, 331
List the prime factors of 3128626.
2, 1564313
What are the prime factors of 105319111?
105319111
What are the prime factors of 61764312?
2, 3, 797, 3229
What are the prime factors of 2945323303?
13, 226563331
What are the prime factors of 34201750?
2, 5, 11, 12437
List the prime factors of 34951766.
2, 23, 759821
What are the prime factors of 362778251?
11, 113, 291857
List the prime factors of 164176044.
2, 3, 13681337
List the prime factors of 2670047686.
2, 67, 2111, 9439
What are the prime factors of 79949560?
2, 5, 1998739
List the prime factors of 50036810.
2, 5, 41, 122041
List the prime factors of 102283275.
3, 5, 61, 79, 283
What are the prime factors of 2513577285?
3, 5, 61, 305231
What are the prime factors of 191562339?
3, 63854113